the prime factors of i?
3, 5, 7
Suppose -4*v + 1500 = 5*p - 39, -4*p + 1240 = v. Suppose 4*j + u + 82 = p, -2*j = -u - 119. What are the prime factors of j?
2, 29
Suppose 14954 - 962 = 6*o. What are the prime factors of o?
2, 11, 53
Let v = 304 - 85. Suppose 3*i - 2*p - v = 0, 0*i = 4*i + 4*p - 292. List the prime factors of i.
73
Let x = 268 + -488. Let l = -109 - x. What are the prime factors of l?
3, 37
Let q = -141 - -141. Suppose 0 = 2*v, q*p = -3*p - 5*v + 504. What are the prime factors of p?
2, 3, 7
Let o(v) = 12*v - 48. Let j be o(4). Let y = 8 - -32. Suppose g - y - 35 = j. What are the prime factors of g?
3, 5
Let l(p) = -p**3 + p**2 + 15. Let g(c) = -2*c**3 + c**2 + 29. Let v(f) = 4*g(f) - 7*l(f). List the prime factors of v(-5).
61
Let l be 12/3 + 1 - 0. Suppose -41 = -l*z - 1. Let a = 14 - z. List the prime factors of a.
2, 3
Suppose -35 = -4*p + 89. What are the prime factors of p?
31
Let n(f) be the first derivative of 2*f**2 + 19*f - 14. What are the prime factors of n(9)?
5, 11
Suppose 0 = -7*p + 838 + 9347. List the prime factors of p.
3, 5, 97
Let z = 161 + -78. Let v = 227 - z. Suppose -4*m = 3*s - v, s - 169 = 2*m - 7*m. List the prime factors of m.
3, 11
Suppose 13*d = 21*d - 23256. List the prime factors of d.
3, 17, 19
Let a be 165/(-4) + ((-9)/12 - -1). Let d = 74 - a. What are the prime factors of d?
5, 23
Suppose 0 = -u, 8 = 4*w - 0*w - u. List the prime factors of 2/(w - 4)*-39.
3, 13
Let o = 14 + -9. Suppose 0 = 5*k - 3*j + o*j - 346, -k + 5*j = -80. List the prime factors of k.
2, 5, 7
Let r = 138 - 4. Suppose -r = -l - 5*v - 34, -3*v + 165 = 2*l. Suppose 3*g = 3*s - l, 5*g = -4*s - 0*g + 73. List the prime factors of s.
2, 11
Let r = -1049 + 2582. List the prime factors of r.
3, 7, 73
Suppose -5*p - 68 = -u + 2*u, p = -5*u - 28. Suppose 236 = 4*g - 4*h, 2*g - h = 4*g - 115. Let q = g + p. List the prime factors of q.
3, 5
Suppose 2*c + 2*c + 88 = 0. Let k = 29 + c. What are the prime factors of k?
7
Let r(d) be the second derivative of -d**5/20 + 5*d**4/6 + 5*d**3/2 - 3*d**2/2 - 27*d. List the prime factors of r(10).
3, 7
Let f(p) = 326*p - 67. What are the prime factors of f(4)?
1237
What are the prime factors of ((-8217)/83)/(1/(-12))?
2, 3, 11
Suppose -12*j = -8*j + 2*f - 2122, 528 = j + f. List the prime factors of j.
13, 41
Let d be (5 - -1) + -4 + 3. Suppose -d*r + 3*f + 890 = 151, r + 2*f = 153. List the prime factors of r.
149
Suppose 0 = -4*i - 3*a + 38, -2*i - a = 3*i - 53. Let q = -9 + i. List the prime factors of 21/q*70/15.
7
Let i = 3 - 1. Suppose 3*x = 22 + i. Suppose -z = -5*z - x, 5*z = -3*t + 8. What are the prime factors of t?
2, 3
Suppose 8*n = 14*n - 768. Let x = n + 16. What are the prime factors of x?
2, 3
Let i = 560 - 247. What are the prime factors of i?
313
Suppose 0 = 2*a - d - 2*d - 3, a - 3*d = 0. Let t be ((-2)/a)/(10/75). Let b(x) = 2*x**2 - 4. What are the prime factors of b(t)?
2, 23
Let k(z) be the first derivative of -23*z + 3/2*z**2 - 5. What are the prime factors of k(14)?
19
Let i be (-8)/10 + (624/(-20))/(-4). Let s(o) = 2*o**2 - 5*o + 20. What are the prime factors of s(i)?
83
Suppose -y - y - 5*a + 615 = 0, 3*y + 4*a - 905 = 0. Let d = y - 63. What are the prime factors of d?
2, 29
Suppose -5*d + 1649 = -g, 0 = -4*d - 3*g + 1024 + 299. Suppose -d = 28*l - 31*l. List the prime factors of l.
2, 5, 11
Let z = 23 + 2. Suppose 5*o - 17 = -5*p + 3*p, 4*p + o - z = 0. List the prime factors of (36/30)/(p/40).
2
Let m = -56 - -59. List the prime factors of (-3 - 0)*1 - (-115 - m).
5, 23
Let a be 9*(-4)/(-12) - 0. Suppose -2*j - a*p = -5*p + 20, 4*p + 48 = -4*j. What are the prime factors of 2/j - (-332)/11?
2, 3, 5
Suppose -45*m + 971 = -44*m. What are the prime factors of m?
971
Suppose 5*w - y = 13302, -32*w + 5328 = -30*w - 4*y. What are the prime factors of w?
2, 5, 7, 19
Let m be (-20)/110 + (-114)/(-22). Suppose -m*c + 10 = -70. List the prime factors of 328/6 - c/24.
2, 3
Suppose -101*n + 272 = -97*n. Let x = 9 + n. List the prime factors of x.
7, 11
Let i = 24 + -21. Suppose -i*w + 29 = -46. Suppose -4*z + 189 = w. What are the prime factors of z?
41
Let y(h) = -2*h**3 - 4*h**2 - 3*h + 1. Suppose 4*q - 60 = 4*a, -q - 4*a = -2*a. Let p be (27/45)/((-2)/q). List the prime factors of y(p).
2, 7
Let r = 128 + -115. Let a be -4*(-1)/(2/12). Let s = r + a. What are the prime factors of s?
37
Let b(g) = g**2 + 8*g + 13. Let o be b(-7). List the prime factors of ((-30)/o + 213)/1.
2, 13
Suppose 2*p + 8 = 6*p. Let r be ((-4)/(-3))/(p/6). List the prime factors of 106*(3 + (-10)/r).
53
List the prime factors of ((-3)/6)/((-47919)/7986 + 6).
11
Let t(o) = 8*o**2 + 3*o + 51. List the prime factors of t(16).
19, 113
Suppose -17*v + 2826 + 10077 = 0. List the prime factors of v.
3, 11, 23
Suppose 2*y = y + 540. Suppose 0*j - 4*j = -y. List the prime factors of j.
3, 5
Suppose 188*q - 5320 = 184*q. What are the prime factors of q?
2, 5, 7, 19
Let t = 13 + -12. List the prime factors of t - 13/(-1)*5.
2, 3, 11
List the prime factors of 0/(-1 - -3) + 224.
2, 7
Suppose 0 = -0*b - 4*b - 4*f + 548, -2*b + 2*f = -254. Let y = -69 + b. Suppose -y = -2*w - 5*p, -5*p - 94 + 13 = -4*w. List the prime factors of w.
2, 3
Let i = 555 - -490. What are the prime factors of i?
5, 11, 19
Let f = -72 + 75. Suppose 2*d = -l + 49, f*d = 6*d + 2*l - 71. List the prime factors of d.
3
Suppose 2*a = -6, -2*u - 173 = -6*a + 3*a. Let n = -41 - u. List the prime factors of n.
2, 5
Let f = 1054 + -400. List the prime factors of f.
2, 3, 109
Suppose -3*z - 3 = 2*m, -m - 8 + 20 = -3*z. What are the prime factors of (24/z - -23)*(-8)/(-6)?
2, 5
Let x be (15/(-9))/((-1)/21). Let q be ((-100)/14)/((-5)/x). Suppose 4*l - q = 3*l. What are the prime factors of l?
2, 5
Let j(y) be the first derivative of 1/3*y**3 - 6 + 0*y**2 - y - 33/4*y**4. What are the prime factors of j(-1)?
3, 11
Suppose 10*w = 6*w + 12. Suppose w*g + g - 176 = 0. List the prime factors of g.
2, 11
Suppose 0 = 9*g - 13*g + 28. Suppose -3*n - 1 = -g, -4*n - 56 = -x. List the prime factors of x.
2
Let m(n) = 4*n**2 - n + 11. Let y be m(6). Suppose 7*v = -5*w + 6*v + y, -4*w - v + 119 = 0. What are the prime factors of w?
2, 3, 5
Let b be (0 - -5) + -4 - -89. Let k = 255 - b. List the prime factors of k.
3, 5, 11
Let o(i) = -2*i**2 - 59*i - 29. What are the prime factors of o(-24)?
5, 47
Let p(m) = m**3 + 5*m**2 - 6*m + 2. Let v be p(-6). Suppose -4*o = v*u - 14, -u = o - 4*o + 3. Suppose c = -u*c + 68. List the prime factors of c.
17
Let a = -2376 + 3359. List the prime factors of a.
983
Let q(a) = -6*a + 106. List the prime factors of q(5).
2, 19
Let b(p) = p**3 + 0*p**3 - 2*p + 8*p - 3*p**2 - 7*p + 20. List the prime factors of b(6).
2, 61
Suppose -6 = 3*n + 4*l, -n + 2*l = l - 5. Suppose -5*r + 10 = -0*r, -2*r = n*v - 48. List the prime factors of v.
2, 11
Suppose 3*g - 254 = -l + 36, -3*l = 5*g - 490. Suppose c - g = p, 2*p = -2*c + 5*p + 191. List the prime factors of c.
2, 47
Let k = 743 + -224. What are the prime factors of k?
3, 173
Suppose -1824 = -3*x - 2*s, -x + 603 = -0*s - s. Suppose -x = -3*y + 3*m - 0*m, y + 2*m = 208. What are the prime factors of y?
2, 3, 17
Suppose p - 4*r + 152 = 2068, -p = r - 1916. What are the prime factors of p?
2, 479
List the prime factors of (-2 - -103) + (-2)/(-3)*6.
3, 5, 7
Let s(l) be the first derivative of -l**2/2 + 2*l + 2. Let d be s(2). Let h = 26 - d. What are the prime factors of h?
2, 13
Let q = 302 - 52. What are the prime factors of q?
2, 5
Suppose 3*f - 9560 = 50*d - 48*d, 4 = -d. What are the prime factors of f?
2, 199
Let x(s) = 2*s**2 - 10 + 9 - 9*s**2. Let m be x(-1). What are the prime factors of -66*(1 + m/6)?
2, 11
Suppose 0*z - z = 2*d - 36, 0 = 4*z + 2*d - 144. Suppose -2*q - 4*n = -z, -4*n - 72 = -3*q - n. What are the prime factors of q?
2, 11
Let c = -24 - -277. List the prime factors of c.
11, 23
Let w be (-12)/(-20) + (-314)/(-10). Let b = 58 - w. What are the prime factors of b?
2, 13
Suppose -6*r = -0*r - 6876. List the prime factors of r.
2, 3, 191
Let k be 1 + (-2 - (2 - 44)). Suppose -5*i - k = 2*r, -2*r = -i - 4 - 9. Let x(s) = -s + 4. What are the prime factors of x(i)?
13
Let y be 30 - (-2 + 1 + -1). Let z = y + -23. Let g(a) = -a**3 + 9*a**2 + 3*a - 5. What are the p